 divisor of j and t.
8
Suppose 4*x - 288 = -4*m, 4*x + 304 = 4*m - 0*x. Calculate the highest common divisor of m and 37.
37
Suppose -4*i + 16 = -20. What is the greatest common factor of i and 90?
9
Let j be -1 - 3/((-3)/4). Calculate the greatest common divisor of 21 and j.
3
Let y(k) be the second derivative of k**5/20 - k**4/2 + k**3/3 - 2*k**2 + 4*k. Let n be y(6). What is the highest common factor of n and 72?
8
Suppose -4*z + 7 = -137. Let l = 7 - 3. What is the highest common factor of l and z?
4
Suppose 4*r - 7*t + 3*t = 376, -2*r - 2*t = -176. Suppose -5*g + 55 = -b - r, 38 = g + 2*b. Calculate the greatest common divisor of 5 and g.
5
Let d = -64 + 38. Let v be -3 - d/4*2. What is the greatest common divisor of 70 and v?
10
Let t be (-4 - 104/(-20))/((-6)/(-20)). Suppose -2 = -4*a + 3*a. What is the highest common divisor of a and t?
2
Let l be 1 + 0 - (-15 - -16). Suppose l*j = -4*j + 200. What is the greatest common factor of j and 5?
5
Let u be ((-6)/(-8))/((-1)/(-8)). Suppose -5*n + 0*n + 330 = 0. Calculate the greatest common divisor of n and u.
6
Let z(y) = 3*y**3 + 2*y**2 - 2*y. Let x be z(1). Calculate the highest common divisor of 3 and x.
3
Suppose 4*c - w - 527 = 468, -c - 3*w = -252. Let m = c + -29. Calculate the greatest common divisor of m and 20.
20
Let o(w) = -3*w - 24. Let z be o(-14). What is the highest common factor of z and 126?
18
Suppose 2*l + 2*b - 6 - 4 = 0, 5*l - 52 = 4*b. Calculate the highest common factor of 6 and l.
2
Let a(w) = -3*w - 1 - w**2 - 2*w + 0*w**2. Let k be a(-4). Suppose 0 = 3*b + 9, 1 = -7*n + 9*n + b. What is the highest common factor of k and n?
1
Let r(q) = 2*q**3 - 6*q**2 - 2*q - 5. Let o be r(5). Suppose -t + u = 3*t - 139, 0 = -5*t - 2*u + 164. Calculate the highest common divisor of o and t.
17
Suppose -l = -19 - 44. Let t(r) = r**3 + r**2 - r + 9. Let a be t(0). Calculate the highest common divisor of l and a.
9
Let y(c) = 9*c - 1. Let v be y(1). Let w(j) = 20*j**3 - j + 1. Let b be w(1). Calculate the highest common factor of v and b.
4
Let g = -68 + 133. Suppose 0*o - 60 = -2*w + 4*o, 3*w - 86 = 4*o. What is the greatest common factor of g and w?
13
Let h = -19 + 34. Suppose -3*s - s = c - 204, 0 = -4*s - 3*c + 212. Let y be (14 + -2)/(h/s). What is the greatest common factor of y and 16?
8
Let b = 23 - -1. Suppose 4*p = -20, -3*u + 5*p + 9 = -31. Let a(x) = -x**2 + 7*x - 4. Let z be a(u). Calculate the highest common factor of b and z.
6
Let d(m) = -2*m**3 - 6*m**2 - 3*m - 3. Let j be d(-3). Calculate the highest common factor of 24 and j.
6
Suppose 0 = -2*z - 8 + 4. Let y be (-1 - -4) + 13 - z. Let l(j) = -j**3 + 4*j**2 + 4*j - 7. Let c be l(-5). Calculate the greatest common divisor of y and c.
18
Let l = 6 - 0. What is the highest common divisor of l and 4?
2
Suppose 3*g - 5 = -5*n, -4*n - 3*g = g - 4. Suppose 2*c + 15 = 5*c. Calculate the highest common divisor of n and c.
1
Suppose -32 = -2*l + z, -3*z - 2 = 2*l - 34. Suppose -r - l = -116. Let o be r/8 + 2/4. What is the highest common factor of 117 and o?
13
Let i be (1 - (-7)/(-5))*-15. Let f = 63 + -39. Calculate the greatest common factor of i and f.
6
Let n(h) = 36*h**3 + h**2 - 2*h + 1. Let b be n(1). Let a be (-17 + 2)/3 + -1. Let g be ((-18)/(-4))/((-3)/a). Calculate the greatest common divisor of b and g.
9
Let q be (-1 + -2)*(-64)/24. What is the highest common factor of q and 4?
4
Let t(h) = -h + 8. Let s be t(4). Let o be (-1 - -81)*(-7 - -8). Suppose -2*w + o = 2*w. What is the highest common divisor of s and w?
4
Suppose 4*x - 104 = -2*g, -3*g - 2*g = 5*x - 235. Suppose 4*m = -2*n + 84, -m + 3*n - n + 21 = 0. Calculate the greatest common factor of m and g.
21
Let n(c) = 2*c + 4. Suppose 0*i - 160 = -4*i. Suppose j - 1 = 4*o + 19, -5*j + i = -5*o. Let q be n(j). What is the highest common factor of q and 3?
3
Let r = -173 + 195. Calculate the greatest common factor of 22 and r.
22
Suppose -3*t = 14 - 236. Let l = -52 + t. Calculate the greatest common factor of l and 2.
2
Suppose 0 = 2*b - r - 245, 0 = -3*b - 4*r + 113 + 227. Let f be b/6 - 0/(-2). What is the greatest common factor of f and 10?
10
Let h be (78/9)/((-2)/(-3)). Calculate the highest common divisor of 117 and h.
13
Let f = -116 - -224. Let g(z) = z**2 + 5*z + 6. Let a be g(-6). What is the highest common divisor of a and f?
12
Let j(r) = 61*r - 2. Let n be j(2). Let d be 10/65 + (-1244)/(-26). What is the greatest common factor of d and n?
24
Suppose -d + 30 = 29. What is the greatest common divisor of d and 2?
1
Let g be (-6016)/(-20) + (0 + -3)/(-15). Calculate the greatest common divisor of 43 and g.
43
Let r = 29 + -11. What is the highest common factor of r and 6?
6
Suppose -4*n - 167 = -15. Let t = -25 - n. Calculate the greatest common factor of 13 and t.
13
Suppose 4*m - 17 = -5*f + 29, 3*f - 5*m = -2. Let z = -2 + 5. Calculate the highest common factor of z and f.
3
Let w(j) = -7*j + 6. Let s be w(-7). Let t be -11*(-2 + 1)*1. What is the highest common factor of s and t?
11
Let s = 29 - -1. Suppose -543 + s = -3*y + 4*f, 3*y + 3*f = 513. What is the highest common divisor of 19 and y?
19
Let q = 27 + -19. Suppose 3*l - 10 - q = 0. Calculate the highest common divisor of l and 24.
6
Let p be (70/4)/((-207)/18 + 12). Let d(q) = -3*q - 4. Let r be d(-6). Calculate the highest common divisor of r and p.
7
Let c be 2/(-6)*(-24 + 3). Suppose -2*f + c = -9. Calculate the highest common factor of f and 8.
8
Let q = -92 - -133. Let n = q + -25. Let z = 32 - n. Calculate the greatest common factor of 80 and z.
16
Suppose 0*s - 5*r = s + 65, 3*s + 5*r + 185 = 0. Let j = s + 87. Suppose 5*t - 46 = -z + j, -z = 2*t - 28. Calculate the highest common divisor of t and 6.
3
Suppose 62 = 3*x - 2*x. Suppose -5*r + x = -18. Calculate the highest common factor of r and 48.
16
Let i be (-3)/(42/(-245)) + (-2)/(-4). Calculate the greatest common factor of 12 and i.
6
Let g be 4/8 - (-85)/10. Calculate the highest common factor of 3 and g.
3
Let h(b) = b - 8. Let g be h(5). Suppose 4*v - 8 = 2*v. Let c be (g/(-6))/(2/v). What is the highest common divisor of c and 1?
1
Let d be (-22 - 2)/2 - -2. Let t(z) = z**3 + 10*z**2 + z + 12. Let y be t(d). Let i be (-17)/(-2)*6 - y. Calculate the greatest common divisor of i and 7.
7
Let m be 582/42 - (-1)/7. Calculate the highest common divisor of 14 and m.
14
Let t(p) = -p + 27. Suppose -7*l = -2*l. Let o be t(l). What is the highest common factor of o and 9?
9
Suppose 4*w + 9 - 21 = 0. Calculate the greatest common factor of w and 3.
3
Let s be (12/(-15))/(4/(-200)). What is the greatest common factor of s and 100?
20
Suppose 0 = 4*o - 3*o. Suppose 6*s - 3*s - 9 = o. Let t be (16/2)/(s/6). Calculate the greatest common factor of t and 112.
16
Suppose 5*c - 5 - 5 = 0. Calculate the greatest common divisor of 16 and c.
2
Let b = 7 - -33. Let r be 4/(-18) - b/(-18). What is the greatest common divisor of 3 and r?
1
Let p be (-86)/(-2) - (2 - -1). Let b(c) = -c**3 + 7*c**2 - 5*c - 1. Let r be b(6). Calculate the highest common factor of p and r.
5
Let v be (-297)/2*-2*1. Let r = v + -207. Suppose 0 = 5*d + 15 - r. What is the greatest common divisor of d and 3?
3
Suppose v + 1 = -1. Let d be (1 - 34/4)*v. Let s be (26 + -1)*(-2 + (-5)/(-1)). Calculate the highest common divisor of d and s.
15
Let s(a) = a**2 - a + 4. Let x be s(4). Let i be 2/x - 11427/(-104). Calculate the highest common divisor of 44 and i.
22
Let v be 3 - 5 - (-168)/2. Let z = 91 + -54. Let c = v - z. Calculate the highest common divisor of 9 and c.
9
Suppose 6*m - 109 = -19. Calculate the greatest common factor of 120 and m.
15
Let p be (-15)/5 + 15 + 1. Let s(x) = 19*x + 1. Let v be s(1). Let c = 72 - v. Calculate the greatest common divisor of p and c.
13
Let v = 282 - 274. Suppose 0 = -5*m + 162 + 118. What is the highest common divisor of v and m?
8
Let h(b) = 6*b**2 + 2*b - 6. Let a be h(5). Suppose -2*g - 4*o + 8 = 0, 2*g - g + 3*o + 1 = 0. Calculate the highest common factor of a and g.
14
Let y be 4/6*66/4. Let s(z) = z**2 + 5*z + 2. Let m be s(-5). Suppose -5*h - j + 34 = -2*j, m*h = 3*j + y. Calculate the greatest common divisor of 7 and h.
7
Let c be ((-2 - -3)*7)/1. Calculate the highest common factor of 28 and c.
7
Let m be (-2 +